*2 + 749838*p - 5248820. Calculate g(7).
-3
Let t(y) = -22553*y + 563857. What is t(25)?
32
Let c(y) = -1445*y**2 - 1355411*y - 937. Give c(-938).
1
Let q(t) = 10*t**2 + 6570*t - 198934. Give q(-686).
6
Let t(b) = 2*b**2 + 69*b - 648. Give t(-42).
-18
Let l(w) = -794*w + 19650. What is l(25)?
-200
Let t(f) = f**3 - 58*f**2 - 108*f - 222. What is t(60)?
498
Let z(b) = 3*b**2 + 182*b + 1217. Give z(-7).
90
Let u(j) = 9*j**2 - 200*j - 1630. Calculate u(-9).
899
Let n(q) = 277*q**2 - 14405*q + 19. Calculate n(52).
-33
Let p(z) = 136*z**3 - 6*z**2 - 11*z - 2. Give p(-2).
-1092
Let x(c) = 31*c**3 + 4*c**2 - 52*c + 96. Give x(5).
3811
Let g(c) = -c**2 + 1137*c - 116593. Calculate g(114).
29
Let i(n) = 323*n + 6852. Determine i(-22).
-254
Let d(b) = 107*b**2 + 1698*b + 1391. Determine d(-15).
-4
Let g(b) = -14*b**2 + 749*b - 417. Determine g(52).
675
Let u(l) = -4*l**3 - 155*l**2 - 186*l - 8982. Calculate u(-39).
-207
Let p(c) = -c**2 + 196*c + 153. What is p(196)?
153
Let h(b) = 25*b**2 - 275*b - 85. Give h(11).
-85
Let l(u) = -u**3 + 25*u**2 - 50*u - 64. Calculate l(20).
936
Let v(k) = 7*k**2 + 449*k - 1793. Give v(4).
115
Let o(y) = -4*y**3 + 686*y**2 + 1037*y - 116. Determine o(173).
-289
Let w(l) = 49027*l + 1176644. What is w(-24)?
-4
Let b(y) = y**2 - 1263*y - 11549. What is b(-9)?
-101
Let k(f) = 487*f + 128112. Give k(-263).
31
Let a(m) = 5056*m - 353893. Calculate a(70).
27
Let m(g) = -9435*g + 159679. What is m(17)?
-716
Let i(u) = -u**3 + 71*u**2 - 4*u + 963. What is i(71)?
679
Let l(m) = -2*m**2 + 6056*m - 36346. Determine l(6).
-82
Let l(s) = 1746*s**2 - 176351*s + 499. What is l(101)?
-6
Let o(q) = 3381*q - 510510. Calculate o(151).
21
Let a(n) = 370*n - 70690. What is a(206)?
5530
Let a(r) = -r**2 - 5373*r - 737752. Calculate a(-141).
-40
Let o(f) = -5*f**3 + 14*f**2 + 449*f - 1814. Calculate o(4).
-114
Let f(n) = 40503*n + 404995. Determine f(-10).
-35
Let p(g) = 247667*g + 22537692. Give p(-91).
-5
Let n(q) = 16*q**2 + 612*q - 74. What is n(-39)?
394
Let r(q) = 2*q**3 + 4160*q**2 + 16626*q - 6. Calculate r(-4).
-78
Let w(g) = -5*g**3 + 114*g**2 - 24*g - 21. Determine w(5).
2084
Let b(g) = 2*g**3 - 377*g**2 + 3372*g + 5130. What is b(179)?
-61
Let s(w) = 120*w**2 + 2494*w + 7495. Determine s(-3).
1093
Let l(b) = -19*b**2 + 2046*b + 32265. Give l(-14).
-103
Let v(n) = n**3 - 438*n**2 - 4048*n - 213. Give v(-9).
12
Let w(d) = -12121*d - 121195. Determine w(-10).
15
Let k(r) = 43*r**2 + 3275*r + 6883. Give k(-74).
1
Let n(z) = 13*z**2 - 84230*z - 505377. Determine n(-6).
471
Let z(f) = 2*f**3 - 33*f**2 - 128*f + 42. Calculate z(-4).
-102
Let s(h) = 7964*h - 29038. What is s(4)?
2818
Let v(z) = -5086*z + 20308. Calculate v(4).
-36
Let l(b) = -4619*b + 521933. Determine l(113).
-14
Let a(f) = -f**3 + 6*f**2 - 131361*f - 7. Calculate a(0).
-7
Let x(g) = 2*g**2 + 7098*g - 316183. Give x(44).
1
Let h(z) = 2*z**3 + 58*z**2 + 352*z - 52. Determine h(-9).
20
Let h(p) = 35*p**2 + 13*p - 1123. Calculate h(-6).
59
Let j(p) = -p**3 + 149*p**2 - 444*p + 196. Calculate j(146).
-680
Let p(c) = 34*c**3 - 515*c**2 + 23*c - 847. What is p(15)?
-1627
Let z(g) = g**3 + 601*g**2 - 3183*g + 786. Give z(5).
21
Let z(q) = -7*q**2 + 1821*q + 187133. What is z(339)?
5
Let t(b) = -712*b + 5801. Give t(8).
105
Let u(t) = 2941*t - 8886. Calculate u(3).
-63
Let h(u) = u**2 + 19*u - 570. Calculate h(18).
96
Let p(k) = -2*k**2 + 84*k - 1324. Calculate p(35).
-834
Let g(m) = m**3 - 84*m**2 - 3338*m - 9454. Calculate g(114).
-106
Let d(q) = -272*q**2 + 1103*q + 4. Give d(4).
64
Let z(q) = -36643*q - 329791. Give z(-9).
-4
Let y(r) = 138*r**2 + 1302*r + 1591. Calculate y(-8).
7
Let y(j) = -3506*j - 17573. Calculate y(-5).
-43
Let z(s) = -s**3 - 11*s**2 + 437*s + 2335. Calculate z(-5).
0
Let c(j) = 25840*j + 310091. Determine c(-12).
11
Let f(q) = -2*q**2 + 368*q + 8686. What is f(205)?
76
Let t(p) = p**2 + 78*p - 1179. Calculate t(11).
-200
Let j(z) = z**3 + 79*z**2 - 443*z - 1923. Determine j(-84).
9
Let o(h) = 414862*h - 3318892. Calculate o(8).
4
Let l(y) = -19*y**2 - 26*y + 726. What is l(-7)?
-23
Let u(w) = w**2 - 7843*w - 70805. Give u(-9).
-137
Let b(p) = -2641*p + 23648. What is b(9)?
-121
Let u(d) = -4995*d - 874044. Give u(-175).
81
Let y(l) = 2*l**3 + 915*l**2 + 4068*l - 4069. Calculate y(-453).
8
Let u(c) = -c**3 - 2*c**2 + 110*c + 671. Give u(12).
-25
Let d(r) = -2016*r + 12144. Give d(6).
48
Let m(r) = r**3 - 39*r**2 + 3721*r - 43995. What is m(13)?
-16
Let l(j) = -1452*j + 54941. What is l(38)?
-235
Let p(l) = -712*l + 9265. What is p(13)?
9
Let d(z) = 16*z**3 + 6*z**2 + 35*z - 36. What is d(1)?
21
Let g(f) = -2979*f - 83588. Determine g(-28).
-176
Let j(u) = -12*u**2 - 1221*u - 120. Determine j(-101).
789
Let d(k) = 992*k**3 + k**2 + k - 3. Determine d(1).
991
Let b(y) = 7*y**2 - 5864*y - 46699. Determine b(-8).
661
Let u(a) = -14*a**2 - 978*a + 23847. Calculate u(-89).
-5
Let w(k) = -68*k**2 - 7132*k - 100. Calculate w(-105).
-940
Let o(z) = -z**3 - 14*z**2 - 289*z - 3164. Determine o(-12).
16
Let q(l) = -5*l**3 - 76*l**2 - 97*l - 161. Determine q(-14).
21
Let w(r) = -8225*r**2 + 57574*r - 5. Determine w(7).
-12
Let g(w) = 37*w**2 + 3353*w - 1291. Determine g(-91).
-17
Let t(r) = -r**3 + 5*r**2 - 50*r + 826. What is t(0)?
826
Let h(s) = 3*s**3 - 624*s**2 + 8498*s - 1767590. Determine h(208).
-6
Let y(a) = -199*a - 13649. Give y(-59).
-1908
Let d(f) = -139*f + 5899. Calculate d(37).
756
Let o(r) = -158*r - 11157. What is o(-46)?
-3889
Let u(i) = -i**3 - 41*i**2 - 168*i + 463. Give u(-36).
31
Let y(s) = -36*s - 945. Determine y(10).
-1305
Let m(l) = -4250*l + 80691. Give m(19).
-59
Let h(q) = 28*q + 2015. Determine h(-65).
195
Let d(p) = 12*p**2 - 1655*p + 15263. Determine d(128).
31
Let u(z) = -1005929*z + 5029642. What is u(5)?
-3
Let o(s) = -25*s**3 - 4*s**2 + 1295*s + 1300. What is o(-1)?
26
Let y(q) = -16*q**2 - 235*q + 2018. Determine y(6).
32
Let y(z) = -z**3 - 25*z**2 - 229*z - 1196. Determine y(-14).
-146
Let y(m) = -182*m**3 - 10*m**2 + 22*m - 9. Give y(1).
-179
Let o(p) = -28*p**2 + 269*p - 1026. Calculate o(8).
-666
Let t(h) = 4*h**2 - 464*h - 3734. What is t(-8)?
234
Let f(g) = -6*g**2 + 59*g - 180. Calculate f(3).
-57
Let v(y) = -25*y**2 + 16186*y - 7114. Determine v(647).
3
Let i(t) = -t**2 - 98*t + 40503. What is i(158)?
55
Let o(n) = -5889*n - 200115. Determine o(-34).
111
Let j(y) = -y**3 + 60*y**2 - 527*y - 151. Give j(11).
-19
Let a(y) = -340756*y - 16697043. Determine a(-49).
1
Let q(x) = x**3 + 85*x**2 + 205*x + 17371. Determine q(-85).
-54
Let w(b) = 482*b + 7579. What is w(-15)?
349
Let b(m) = 541*m**2 - 1562*m - 184. Give b(3).
-1
Let q(x) = 4258*x + 200143. Calculate q(-47).
17
Let k(l) = -4*l**2 + 22255*l + 133600. Determine k(-6).
-74
Let l(c) = -13*c**2 - 1294*c + 10967. What is l(8)?
-217
Let x(j) = -37754*j + 226485. What is x(6)?
-39
Let j(q) = -4*q**2 - 735*q - 30630. Give j(-64).
26
Let m(q) = -q**3 - 5*q**2 + 20424*q + 142845. Determine m(-7).
-25
Let s(j) = -211898*j - 3178459. What is s(-15)?
11
Let h(m) = -3287*m - 144533. Give h(-44).
95
Let p(u) = 346380*u - 2771217. Give p(8).
-177
Let w(b) = 41655*b - 333229. Calculate w(8).
11
Let i(w) = -69056*w + 1243009. Calculate i(18).
1
Let w(o) = -o**3 + 105*o**2 + 552*o - 195. What is w(110)?
25
Let z(d) = -53*d - 6770. Calculate z(-119).
-463
Let m(z) = -79633*z - 37108981. What is m(-466)?
-3
Let z(t) = 4*t**2 + 537*t + 198. Calculate z(-134).
64
Let h(v) = 7*v**2 + 1258*v - 1258. What is h(1)?
7
Let b(n) = 2578211*n + 10312845. Give b(-4).
1
Let x(p) = p**2 + 1890*p + 648232. Calculate x(-450).
232
Let p(w) = -1298*w - 239062. Calculate p(-184).
-230
Let u(n) = 2*n**3 + 15*n**2 - 49*n - 414. Determine u(-6).
-12
Let c(w) = 2673*w + 6815. Calculate c(-4).
-3877
Let h(v) = -2*v**2 - 5808*v + 40692. Give h(7).
-62
Let x(o) = -o**2 - 39567*o + 16188643. Determine x(405).
-17
Let t(b) = -b**3 + 121*b**2 + 251*b + 32. Give t(123).
647
Let q(i) = 526*i + 11923. Determine q(-21).
877
Let j(s) = -2982*s + 34732. What is j(12)?
-1052
Let q(k) = k**3 + 55*k**2 - 814*k + 4384. Give q(-68).
-376
Let a(p) = -2*p**3 + 10*p**2 + 466*p + 44. Give a(18).
8
Let x(c) = 26*c**3 - 1431*c**2 + 265*c - 11558. What is x(55)?
-8
Let t(k) = 20*k**2 - 14373*k + 42998. Give t(3).
59
Let j(f) = 